67 prime?
True
Is 8108207 prime?
True
Is 16780459 prime?
True
Is 237238361 prime?
False
Is 22008521 a composite number?
True
Is 266201 a prime number?
False
Is 445078441 a prime number?
True
Is 11992987 a prime number?
True
Is 415082231 a composite number?
False
Is 6178603 composite?
True
Is 2328893 a prime number?
False
Is 991891 prime?
False
Is 49263077 a prime number?
True
Is 356350033 a prime number?
False
Is 154495687 a composite number?
False
Is 32825489 composite?
False
Is 167005567 composite?
False
Is 9022759 composite?
False
Is 894371 a composite number?
False
Is 1130791 a composite number?
True
Is 39235781 prime?
False
Is 16215649 a composite number?
True
Is 98555203 a composite number?
True
Is 24871271 composite?
True
Is 703468171 a prime number?
False
Is 9140533 composite?
False
Is 6623493 a composite number?
True
Is 29473291 a composite number?
True
Is 139667141 prime?
True
Is 422965787 composite?
False
Is 206073622 prime?
False
Is 41132029 a composite number?
True
Is 40852397 prime?
True
Is 20182259 a composite number?
False
Is 43245337 a composite number?
False
Is 1705999 a composite number?
True
Is 1479713 a prime number?
True
Is 86816815 a composite number?
True
Is 49782331 composite?
False
Is 45156991 a composite number?
True
Is 8195339 a composite number?
False
Is 5309659 composite?
False
Is 5739403 composite?
True
Is 149329 a prime number?
False
Is 639020765 a composite number?
True
Is 26475419 composite?
False
Is 112921195 a composite number?
True
Is 135390901 composite?
True
Is 14807626 composite?
True
Is 867551749 a composite number?
False
Is 6746807 a composite number?
True
Is 2078287 a prime number?
True
Is 7827667 a composite number?
True
Is 10842937 prime?
False
Is 11998667 a prime number?
False
Is 28408571 a composite number?
False
Is 35327779 composite?
True
Is 178320151 composite?
True
Is 1914337 a composite number?
True
Is 12873149 composite?
False
Is 34993583 a prime number?
False
Is 746567 a composite number?
True
Is 71752579 a prime number?
False
Is 11796559 a prime number?
True
Is 603539 composite?
True
Is 456856031 composite?
False
Is 167577547 a composite number?
False
Is 2458817 prime?
True
Is 154856271 a composite number?
True
Is 592643 a composite number?
False
Is 2536721 composite?
True
Is 1880729 a prime number?
True
Is 285451 a composite number?
False
Is 2828981 a prime number?
False
Is 191193767 a prime number?
False
Is 357323621 a composite number?
False
Is 64376141 prime?
True
Is 1546553 prime?
False
Is 4564093 prime?
False
Is 22614373 a composite number?
False
Is 11534741 a composite number?
False
Is 87979889 a prime number?
False
Is 48793123 a prime number?
True
Is 3224707 a composite number?
False
Is 9004323 a composite number?
True
Is 1067471435 composite?
True
Is 163492687 prime?
True
Is 223938577 composite?
False
Is 17903113 composite?
False
Is 346697 a composite number?
True
Is 2355737 a composite number?
True
Is 524219 prime?
True
Is 3777641 prime?
False
Is 64407053 prime?
True
Is 5289247 composite?
False
Is 4266377 prime?
True
Is 30037937 prime?
True
Is 2597671 prime?
False
Is 551682643 a composite number?
False
Is 2731967 a prime number?
False
Is 947083 a prime number?
True
Is 244203 composite?
True
Is 1081903 a prime number?
False
Is 639017791 a composite number?
False
Is 194400847 prime?
True
Is 2327746 a composite number?
True
Is 1346251 composite?
True
Is 285626797 prime?
True
Is 8066129 a prime number?
True
Is 12406207 prime?
False
Is 13464797 a prime number?
True
Is 11956123 a prime number?
False
Is 16640417 a composite number?
True
Is 14085839 a composite number?
False
Is 13445291 composite?
True
Is 28716139 composite?
False
Is 26764989 composite?
True
Is 31596991 a prime number?
True
Is 261271 prime?
True
Is 1801967 a prime number?
True
Is 112688239 a prime number?
False
Is 1434586 a composite number?
True
Is 16998461 a prime number?
False
Is 618536159 composite?
False
Is 31109189 prime?
True
Is 2019257 prime?
True
Is 378458 a composite number?
True
Is 138097709 a composite number?
True
Is 4670261 a composite number?
True
Is 4898459 a composite number?
False
Is 887233 composite?
False
Is 8416349 a composite number?
False
Is 38583793 prime?
True
Is 15192503 a composite number?
True
Is 93508106 composite?
True
Is 11324203 a composite number?
True
Is 392423 composite?
False
Is 771433 composite?
True
Is 186734173 a prime number?
False
Is 3134303 prime?
True
Is 596647 prime?
False
Is 773093 a composite number?
False
Is 7479127 composite?
False
Is 2009453 prime?
False
Is 498227637 a prime number?
False
Is 22976399 a prime number?
True
Is 1261549 composite?
False
Is 63312817 composite?
False
Is 17063239 a prime number?
False
Is 394549 composite?
False
Is 48623023 prime?
False
Is 38774851 prime?
True
Is 604291 a composite number?
False
Is 357946759 composite?
True
Is 10391917 a prime number?
False
Is 9079927 a composite number?
True
Is 619646 composite?
True
Is 82666787 a prime number?
False
Is 6689869 prime?
True
Is 143737639 a prime number?
True
Is 30433021 a composite number?
False
Is 11194111 prime?
False
Is 81982807 a prime number?
True
Is 30737627 a composite number?
True
Is 2667097 prime?
True
Is 28450439 composite?
True
Is 324691901 composite?
False
Is 443375495 a prime number?
False
Is 45328907 composite?
True
Is 1123153 prime?
False
Is 7067611 a composite number?
False
Is 10913191 prime?
True
Is 36266209 a composite number?
True
Is 2450117 a prime number?
True
Is 77728073 composite?
False
Is 80606621 prime?
True
Is 7581953 a composite number?
False
Is 1254941 a prime number?
True
Is 1768871 a composite number?
True
Is 363813169 composite?
True
Is 140784473 a prime number?
False
Is 2714147 a prime number?
False
Is 79749547 composite?
False
Is 1504721 composite?
True
Is 348989669 a prime number?
False
Is 4195121 composite?
True
Is 289659 prime?
False
Is 9442754 composite?
True
Is 2606987 prime?
False
Is 3478451 a composite number?
True
Is 610747 composite?
True
Is 27446819 composite?
True
Is 9288249 composite?
True
Is 5693469 prime?
False
Is 92568107 prime?
False
Is 68401673 a prime number?
False
Is 12089977 a prime number?
True
Is 2075059 composite?
True
Is 1362169 a composite number?
True
Is 18623807 composite?
False
Is 2015339 composite?
False
Is 12145337 a prime number?
False
Is 60196189 composite?
False
Is 98381341 composite?
True
Is 91716151 a composite number?
True
Is 5411617 a prime number?
True
Is 1333019 prime?
True
Is 8058067 a prime number?
False
Is 31181042 a prime number?
False
Is 86082751 prime?
True
Is 3143243 a prime number?
True
Is 1076399 prime?
True
Is 3633493 composite?
True
Is 9279035 a prime number?
False
Is 8712973 composite?
False
Is 58177649 a composite number?
True
Is 7669301 a composite number?
False
Is 30650879 a composite number?
True
Is 87820991 a composite number?
True
Is 13930957 composite?
False
Is 186377801 a composite number?
True
Is 307087 prime?
False
Is 329882977 a composite number?
True
Is 4167683 prime?
False
Is 4617661 composite?
True
Is 59053409 a composite number?
False
Is 5374477 composite?
True
Is 700647 a prime number?
False
Is 382182497 a composite number?
True
Is 174383549 a composite number?
False
Is 1295357 prime?
False
Is 43697807 a composite number?
False
Is 206431 a composite number?
True
Is 47115571 composite?
True
Is 917227106 a prime number?
False
Is 59810285 a prime number?
False
Is 13090787 a composite number?
True
Is 23280923 composite?
False
Is 1609141 a prime number?
True
Is 7497161 composite?
True
Is 16292173 prime?
False
Is 75719573 composite?
False
Is 126882487 a prime number?
True
Is 2594246 prime?
False
Is 1721717 a prime number?
True
Is 4958123 a composite number?
True
Is 136717747 composite?
True
Is 7972553 prime?
True
Is 54320907 composite?
True
Is 3129991 a composite number?
False
Is 59203079 composite?
True
Is 9076117 a prime number?
True
Is 6188467 prime?
False
Is 1775089 a prime number?
False
Is 73227641 a prime number?
True
Is 13634677 a composite number?
True
Is 270616121 a prime number?
True
Is 107704339 a prime number?
True
Is 3754423 a composite number?
False
Is 18631309 a composite number?
False
Is 12030769 a prime number?
False
Is 73291633 a prime number?
False
Is 3675827 prime?
False
Is 12602426